?
5
Calculate -41 - -39 - (1 - -1) - -8.
4
What is -4 + -1 - (-6 - (-1 + -4))?
-4
Evaluate (0 + -2 - -3) + 4 - 0.
5
What is 7 - 12 - (-7 + -2)?
4
Evaluate -1 + 1 - 1 - (0 + 3).
-4
What is 0 + 13 - (11 + -6) - 2?
6
What is (15 - (4 - -3)) + -4?
4
What is (2 - 2) + -1 + -7 - -4?
-4
What is (-5 + 1 - 3) + (-2 - -5)?
-4
What is the value of 1 - ((1 - -3) + 0)?
-3
(-4 - -4) + 3 - 3
0
What is the value of (5 - 2 - -1) + (4 - 4)?
4
What is -4 - -2 - (-1 - -3)?
-4
Calculate 2 + -8 + 6 - -2.
2
Evaluate (0 - 1) + (9 + 0 - 3).
5
(0 - 2) + (-1 - (0 + -3))
0
What is 3 - (1 - (1 - -3) - -9)?
-3
Evaluate (-2 - 4) + 5 + -1.
-2
-12 - (20 + -9 - 25)
2
Evaluate 1 + -2 - (9 + -7 - 6).
3
What is 4 + -3 + 4 + (-3 - 0)?
2
-8 + (9 - 1) + (1 - -1)
2
0 + (3 - 8 - 0) + 10
5
What is 80 + -83 - (0 + -1)?
-2
What is the value of 7 - (7 + -2 - 2)?
4
Calculate -1 + 2 + -1 + 1.
1
Evaluate 4 + (3 - 4) + -2.
1
Calculate (-24 - -24) + (-1 - 0).
-1
What is the value of 1 - 1 - (-58 - -58)?
0
(2 - 5) + (2 - -1)
0
What is the value of -6 - (5 - 3 - (7 + -1))?
-2
What is (0 - 2) + (4 - 10) + 4?
-4
What is -5 + (-1 - -5 - 1)?
-2
Evaluate -2 + (1 - (-2 - -5)).
-4
What is -5 - (-9 + 4 + -9)?
9
Calculate (4 - 7 - -6) + 1.
4
What is the value of 7 + 1 + -15 + 15?
8
What is 7 - (-5 - (4 + (3 - 17)))?
2
Calculate -1 - 9 - (-123 + 109).
4
What is 2 - (8 - (-2 - 3))?
-11
(5 - 0) + -10 + 5
0
2 - (-13 + (9 - 2))
8
What is 9 + (-2 - 16) + 0?
-9
What is the value of 7 - (-24 + 10 + 26)?
-5
4 + (-14 - (6 - 8))
-8
What is the value of (-5 + -4 - -5) + 0 + 8?
4
8 + -16 + 0 + (1 - 3)
-10
What is -2 + (4 - 11) - -4?
-5
What is (-3 - ((0 - 0) + -1)) + 4?
2
2 + (1 - 11 - -4)
-4
What is 6 + 4 + (-9 - -4) - 3?
2
What is the value of 6 + -3 - (8 - 3)?
-2
What is the value of 2 + -5 - (4 - 2)?
-5
What is the value of -1 + -2 + (2 - 1)?
-2
Calculate 0 - ((3 - -1) + -3).
-1
What is the value of 4 + -8 - (7 + -2 - 9)?
0
Evaluate (-35 - -34) + (9 - 0).
8
Evaluate -4 - -2 - (3 - (6 - 1)).
0
What is -18 + (3 - -6) - -2?
-7
What is (3 - 3) + (5 - (3 - 0))?
2
What is -4 - 2 - -2 - -3 - -4?
3
What is the value of (2 + -4 - -3 - 1) + 0?
0
Evaluate 5 + (15 - 9) + -19.
-8
What is -57 - -60 - ((12 - 1) + 0)?
-8
What is (2 - 2 - 3) + 0?
-3
-8 + -7 + 14 + -1
-2
What is (-3 - (1 + -6)) + 0?
2
Evaluate -8 - 0 - (-31 + 23).
0
Evaluate 0 - (1 + 0 + -3 + 2).
0
Evaluate -5 - (1 - -3) - (1 - 0).
-10
Calculate -4 + (0 - (-6 - (-3 + -1))).
-2
What is the value of (15 - (0 + -4)) + -4 + -5?
10
What is -1 + -5 + 1 + 10?
5
-9 + (-3 - -6) + -40 + 49
3
Evaluate 8 - (5 + 5) - (-3 + 2).
-1
Calculate -3 + (-2 - (-4 + -2)).
1
Calculate 3 + 2 + 21 + -24 + -4.
-2
What is the value of 8 - 6 - (-1 + 2)?
1
Evaluate 4 - (-1 - -4 - (1 + 0)).
2
What is the value of -3 + (-4 + 8 - 1)?
0
What is the value of (9 - (2 + -4 + 4)) + -6?
1
5 - (2 - 1) - 4
0
What is 8 + -4 + -5 + -5?
-6
What is the value of 0 - -3 - 0 - 7?
-4
What is 6 - (9 - 4 - -2)?
-1
Calculate 4 + (0 - (-5 + 3)) + -4.
2
Calculate 7 + (-8 - 5) - -10.
4
-5 + 14 + 0 + -8
1
Evaluate -5 + -6 + 13 - -1.
3
What is the value of (-8 - -2 - -14) + (2 - 1)?
9
Evaluate 2 - (8 + -5) - -4.
3
1 - (4 + (1 - (-4 + 7)))
-1
What is the value of (5 - 9) + -3 - -5?
-2
Evaluate 1 + 4 + (1 - 8).
-2
What is 3 - (4 - -8 - 17)?
8
Calculate 3 - (8 - (-3 - -8)).
0
Evaluate (1 - -10 - (11 - 4)) + -8.
-4
-1 - (0 - -2) - (-32 - -29)
0
Calculate 2 + -6 + (-47 - -42).
-9
-5 + 0 - -4 - 4
-5
Evaluate 10 - (10 + (-5 - -3)).
2
-5 - (4 + -2 + -2) - -2
-3
Calculate 4 + (-3 - -2) + 0.
3
Calculate 12 - 18 - (-2 - (-2 - -3)).
-3
Calculate (-7 - -4 - 2) + 2.
-3
What is the value of -4 - (-14 + (3 - -5))?
2
What is -17 - -14 - (2 + -5)?
0
What is the value of -4 + (-15 - -7) + 6?
-6
What is the value of -1 + -1 + 20 + -7 + -6?
5
Calculate 12 + -2 + -17 - (1 - 10).
2
Evaluate (16 - 21) + 0 + (-2 - 2).
-9
What is 1 + 6 + 6 + -8?
5
What is -7 - (-3 + -10 + 2)?
4
What is the value of -4 - ((0 - 0) + -13)?
9
1 + -1 + 6 - 3
3
What is (27 - 34) + 2 + 10?
5
What is the value of 8 + (-13 - (2 + 0))?
-7
Calculate 3 - 2 - 6 - (-1 + -1).
-3
Calculate (7 - (8 - -1)) + (5 - -1).
4
-3 - (-2 - (2 - 0))
1
Calculate -12 - -1 - (-40 - -32).
-3
Evaluate 6 + -1 + (-13 - (-23 - -8)).
7
What is the value of -1 - (1 + -5 + 3)?
0
Calculate (3 - 6) + 7 + -8.
-4
-10 + 2 - (-8 - -10 - 5)
-5
What is the value of 5 + 0 + (-1 - 1) + -1?
2
0 + 1 + (-6 - -10)
5
Calculate (4 + -8 - -7) + (-5 - 5).
-7
-6 - (-5 - -2) - 1
-4
Calculate -2 + 0 + 2 + 3.
3
13 - 21 - (0 - 3) - -1
-4
What is 2 + -3 + (5 - 1 - -2)?
5
Evaluate (-3 - -15) + -15 - (3 + 2).
-8
What is the value of 7 - (6 + 1) - -3?
3
What is (-8 - -3) + (2 - -3)?
0
(-13 - -15 - (6 - 2)) + 6
4
Calculate (-2 - -2) + (-3 + 8 - 3).
2
(-2 - -10) + -4 + -2
2
Calculate -1 - ((-4 - -7) + -2 - 3).
1
Evaluate 2 + -6 - (7 - 19 - -7).
1
Calculate -7 + 8 + -1 - -5.
5
9 + (-7 - (0 - -3 - 7))
6
Calculate 4 + -3 + 4 + 0 - 0.
5
-1 - (-7 - (-9 + 0))
-3
1 + 1 + (1 - (1 - 3))
5
What is the value of 0 + -7 + -4 + 6 - -4?
-1
Evaluate -9 + -4 + (5 - -2).
-6
-6 - (3 - 9 - -3)
-3
What is the value of 3 + 3 + -10 + 8?
4
Evaluate 0 + 2 - ((1 - 0) + -4).
5
What is the value of -4 + (-2 - -2) + 5?
1
(3 - 1) + 7 + -8
1
What is -2 - (4 + -12 + 5)?
1
Calculate -11 + (5 - -7) - 1.
0
(-14 - -12) + 1 + 4
3
Calculate 0 + 0 + 3 + -3.
0
1 + -6 + (-4 - -2)
-7
Evaluate 4 + (-11 - (8 - 13)) + 7.
5
11 - (4 + 0) - (0 - -1)
6
Evaluate 3 + (4 + -3 - 2).
2
Calculate 3 - (0 + 5 + 1).
-3
(1 + 0 - -1) + 0 - -1
3
What is the value of (1 - (-7 + 3)) + -5?
0
-16 + (20 - (-13 + 24))
-7
Evaluate 3 + -7 + 8 - 7.
-3
Calculate 1 + (-4 - 0) + 1.
-2
Calculate 3 + 0 + -4 + 4.
3
Evaluate 7 + 0 - (43 - 36).
0
Calculate -4 - 5 - -6 - (-4 + 8).
-7
Calculate -1 + (8 - 11) + 1.
-3
What is the value of -17 + (2 - -8) + 3?
-4
5 + 3 + -9 + 3
2
Calculate -21 + 5 + 3 + 4.
-9
Calculate -6 - ((-2 - 0) + 3 - 2).
-5
Calculate -12 + (-8 - -7) - -20.
7
10 + (-24 + 10 - -13)
9
Evaluate 26 - 25 - (-10 - -1).
10
Calculate -11 + 9 + 5 - -2.
5
What is the value of 3 + -2 - (8 + -11)?
4
-3 + -2 - (-6 + 1)
0
What is (-8 - -13) + -6 - -8 - 2?
5
Evaluate -2 - (6 - (-16 + 13)).
-11
What is the value of 9 - (7 + -16 - -11)?
7
What is the value of -12 - (-6 - (2 - 4) - 3)?
-5
What is the value of 4 + 5 + -2 - (3 - 2)?
6
-13 + -4 + 5 + 1 - -4
-7
-1 + 8 + -5 - (2 - 0)
0
What is -27 - -9 - -12 - (0 + -9)?
3
2 + (-3 - -21 - 11)
9
What is the value of 6 + -6 + -6 + 9?
3
(-3 - 0) + 3 - 3 - -1
-2
Evaluate 0 - (0 + -2 - 1).
3
0 + 2 - (6 - (-2 - -5))
-1
Calculate 10 + -15 + -1 + 1.
-5
What is -15 + (5 - 7 - -15)?
-2
What is the value of 35 + -33 - (1 + 12) - -3?
-8
What is 2 + -1 - -6 - (10 + 4)?
-7
Evaluate 10 - (17 + -9) - -3.
5
What is -6 - 0 - (115 - 115)?
-6
3 + (-4 - -1) + 1
1
What is the value of -1 + (-9 - -11) + -2?
-1
Evaluate (1 + 2 - -2) + -7 - 3.
-5
What is (-6 + 6 - -2) + -7?
-5
What is the value of -308 - -309 - ((8 - 1) + 1)?
-7
What is -3 + -8 - (-5 - 1)?
-5
Evaluate -8 + (-2 - -7) + 5 + -1.
1
What is the value of -1 + 3 + 0 + 0?
2
What is -11 + (0 - -6 - (-13 - -11))?
-3
What is the value of (3 - (6 - (-6 - -3))) + 3?
-3
What is 4 - (2 + 0 + 5)?
-3
What is -2 - (-5 + (-5 - 0) + 3)?
5
Calculate 3 + -4 - 6 - -10.
3
What is the value of 1 + -1 + -145 + 154?
9
What is 7 + (-14 - -18 - (1 - -9))?
1
Evaluate -3 + (9 + -4 - 6).
-4
-11 - ((5 - 16) + -8)
8
5 + -16 + 9 + (1 - -5)
4
Evaluate (3 - 1) + -14 + 15.
3
What is the value of -2 + 4 + -3 + 0 - -4?
3
Calculate -8 + (16 - 9) - (2 + -2).
-1
What is -22 + 26 + -4 + -10?
-10
-9 - (-16 + -2) - 19
-10
Evaluate -3 + 1 + (17 - 13).
2
What is -1 - (1 + (-2 - 4))?
4
Evaluate (4 - (7 - -3)) + (6 - 0).
0
What is the value of 5 + -3 - (5 + -4)?
1
What is the value of -7 + (1 + -1 - -4)?
-3
(15 - (-3 - -10)) + 2 - 7
3
Evaluate (2 - -11) + (-42 - -33).
4
What is -4 - (-6 + -1 + 0)?
3
Evaluate -2 + -5 - (5 - 6 - 4).
-2
Evaluate -7 + 8 + 1 - -3.
5
-5 - (-3 - (2 + 2 - -2))
4
What is -5 + -5 + 5 + 5 + -1?
-1
7 + -6 - 9 - -3
-5
What is the value of 4 - (-2 - -1) - (-18 - -18)?
5
What is (33 - 18 - 18) + -1 + 1?
-3
What is 0 + -2 + -1 + 9 - 4?
2
-1 + (-1 - 1 - 1) - -6
2
What is -1 + -6 + 15 + (-11 - -7)?
4
Calculate 13 + (7 - -3) + -16.
7
Evaluate 1 - -2 - (3 + 0).
0
Calculate 2 + 0 + (-4 + 5 - -4).
7
Calculate -7 + 22 - 15 - (0 + 0).
0
Calculate (0 - (-3